late the remainder when x(12) is divided by 5.
1
Let b = 47 - 41. Calculate the remainder when 8 is divided by b.
2
Let y = -26 + 36. Let o = 37 + -31. What is the remainder when y is divided by o?
4
Let j = -28 - -53. What is the remainder when j is divided by 7?
4
Suppose 4*a + 4 = 2*p + 54, -3*a + 30 = -3*p. What is the remainder when a is divided by 9?
6
What is the remainder when 339/3 - (0 + 5) is divided by 37?
34
Suppose 5*c - 4*c = 70. Calculate the remainder when c is divided by 12.
10
Let f(i) = -9*i - 5. Let l(u) = -26*u - 14. Let v(p) = 11*f(p) - 4*l(p). Calculate the remainder when v(4) is divided by 1*5 + 3 + -2.
3
Let b(f) be the third derivative of f**6/120 - f**4/24 + 3*f**3 + f**2. Calculate the remainder when b(0) is divided by 5.
3
Let d be ((-9)/4)/(2/(-8)). What is the remainder when 65/9 + (-2)/d is divided by 3?
1
Let s be (-4 + -1)/(-4 + 3). Suppose 62 + 18 = s*v. Suppose 0*o = 5*n + o - 15, v = -n - 4*o. What is the remainder when 7 is divided by n?
3
Let f = 33 - 11. Calculate the remainder when f is divided by (-1 + 2/4)*-16.
6
Suppose 4*u + 2*x - 20 = -2*x, 5*u + 2*x - 40 = 0. Let l = -4 + 9. Calculate the remainder when 178/10 - (-1)/l is divided by u.
8
Suppose 0 = 3*r + t - 72, -2*r + 2*t = 29 - 85. What is the remainder when r is divided by 7?
4
Let z = 158 - 25. Calculate the remainder when z is divided by 46.
41
Suppose 4*l + 0*l - 28 = 0. Suppose 3*h = -2*m + l*m - 33, -4*h + 2 = m. Let w(a) = -a**2 + 11*a - 4. Calculate the remainder when 76 is divided by w(m).
24
Suppose -w = 2*w - 9. Suppose w*m - 40 = -2*m. Calculate the remainder when 29 is divided by m.
5
Suppose -u - 5*u + 54 = 0. Calculate the remainder when 44 is divided by u.
8
Let x(z) = z**2 + z + 33. Suppose 4*g + 2 = 38. What is the remainder when x(0) is divided by g?
6
Suppose 7 = -k + 19. Let i = 21 - -1. Calculate the remainder when i is divided by k.
10
Suppose 0 = p + 2*u - 17, -2*p + 16 = 2*u - 12. Let g(v) = v**3 - 5*v**2 + v - 1. What is the remainder when p is divided by g(5)?
3
Let o = -67 + 97. Let c = 9 - 13. Let g(i) = -i**3 - 3*i**2 - 5. What is the remainder when o is divided by g(c)?
8
Let y(w) = w**3. Let j be y(1). What is the remainder when -3 + 33/1 + j is divided by 16?
15
Suppose -3*a = -3*h - 6, a - 4*a + 2*h = -8. Suppose z - 5*z = a*x - 48, 12 = 2*z - 2*x. What is the remainder when 16 is divided by z?
7
Let p(d) be the first derivative of 7*d**2/2 - 3*d + 4. Let q = 8 - 5. What is the remainder when 35 is divided by p(q)?
17
Let r(l) = l**3 - 9*l**2 + 10*l - 12. Suppose -4*n = -0*n - 32. Calculate the remainder when 9 is divided by r(n).
1
Suppose 0*u - 27 = -3*l + 3*u, -3*u = -l - 1. Calculate the remainder when 66 is divided by l.
10
Let x = 21 - 40. Let b = 22 - x. Calculate the remainder when b is divided by 14.
13
Calculate the remainder when -2*(-2)/(-14) + (-2358)/(-21) is divided by 29.
25
Let c = 49 - 24. What is the remainder when 74 is divided by c?
24
Let f(n) = n**2 + 7*n - 8. Let s = 10 + -17. Let a be f(s). Let u = 11 - a. Calculate the remainder when 55 is divided by u.
17
Suppose 4*b + 0*b - 600 = 0. Suppose -4*a + b = x + x, -5*x = 5*a - 185. What is the remainder when a is divided by 10?
8
Let o(d) = 2*d + 3. What is the remainder when o(4) is divided by (2*1)/(7/14)?
3
Suppose 6*j - 380 = 2*j. What is the remainder when j is divided by 49?
46
Let g = 17 + -17. Let u = g - -13. Calculate the remainder when u is divided by 8.
5
Suppose 15 = k + 2*k. Suppose -2*s + 2*m = -5 - 11, k*s - 30 = -5*m. Calculate the remainder when 11 is divided by s.
4
Suppose 4*d - 65 = -21. Calculate the remainder when d is divided by 6.
5
Let j = 32 - 29. What is the remainder when 10 is divided by j?
1
Suppose 0 = -4*w - 2*p + 54, -13 = -4*w - 5*p + 38. Suppose -2*s + 26 = -s. What is the remainder when s is divided by w?
12
Suppose -117 + 33 = 4*u. Let p = -9 - u. Calculate the remainder when 22 is divided by p.
10
Suppose -6*a + 12 = -0. Let o = 22 - a. Calculate the remainder when 79 is divided by o.
19
Let x = 2 + 14. Calculate the remainder when 43 is divided by x.
11
Let r(g) be the second derivative of 1/6*g**4 - 1/2*g**2 + 1/6*g**3 + 0 + 4*g. Calculate the remainder when r(4) is divided by 18.
17
Suppose 5*w + 90 = -4*g, 0*g - 5*g + 4*w - 133 = 0. Let p be (12/10)/(5/g). Let j = p - -25. Calculate the remainder when j is divided by 10.
9
Let s = -9 - -3. Let y(c) = -c**3 + c - 1. Let z be y(-2). What is the remainder when 62*((-15)/s)/z is divided by 8?
7
Suppose o + 5*l = 37, -3*o + l + 92 = -3*l. What is the remainder when o is divided by 6?
2
Suppose -67 = 9*z - 211. What is the remainder when z is divided by 6?
4
Let b = 4 + -2. Suppose -3*t = -b*t - 16. Suppose 2 - 5 = 2*l - 3*n, 0 = l - 5*n + 19. Calculate the remainder when t is divided by l.
4
Suppose n = 6*n - 325. Suppose 51 = 4*f - f. Calculate the remainder when n is divided by f.
14
Let h be 280/98 - (-2)/14. Suppose h*i = -3*r + 30, 11 + 31 = 5*i + r. What is the remainder when 30 is divided by i?
6
Suppose 0 = -4*s + 5*g + 36, -s + 3*g + 32 = 4*s. Let k = 23 - s. What is the remainder when k is divided by (2 - 0)*7/2?
5
Let o = -1 + 4. Let m(z) = -z**3 + 8*z**2 + z + 8. Let h be m(8). Suppose -7*y = -9*y + h. What is the remainder when y is divided by o?
2
Let t(f) = f**2 + 5*f + 8. Calculate the remainder when 23 is divided by t(-6).
9
Let a(q) = q**3 + 4*q**2 - q + 1. Calculate the remainder when 38 is divided by a(-4).
3
Suppose -18 = 4*u - 50. Let c = 9 + -3. Suppose -2*z = -c*z + 84. Calculate the remainder when z is divided by u.
5
Suppose 0 = 2*c - 46 + 16. Calculate the remainder when 43 is divided by c.
13
Let i = 19 - 6. What is the remainder when 23 is divided by i?
10
Let s = 10 + -5. Let c(j) = j**3 - 6*j**2 + 6*j - 5. Let n be c(s). Suppose n = 2*b - 5 - 15. Calculate the remainder when 19 is divided by b.
9
Suppose -2*b - b = -30. What is the remainder when 29 is divided by b?
9
Let s = 5 - -3. Let p = -115 + 343. Calculate the remainder when (-3)/(-15) + p/10 is divided by s.
7
Let q = 7 + -3. Let o be (2 + -1)/((-5)/(-25)). Suppose -2*t + t - o*w = -5, 2*t = 5*w + 10. Calculate the remainder when t is divided by q.
1
Let x(z) = z**2 - z - 2. Let m be x(4). Let j(k) = 3*k**2 + 6*k - 2*k**2 + m + k. What is the remainder when j(-8) is divided by 5?
3
Let i be 1 - (-2 - (-2 + 14)). Suppose 6*t - i = t. Suppose -y - 55 = -5*c, -3*y - 7 = -t*c + 14. What is the remainder when 23 is divided by c?
11
Let n(y) = -y**2 - 5*y + 10. Let j be n(-6). Suppose 0 = -j*z - 5*i + 11, 0 = 3*z - 0*z + 5*i - 7. Calculate the remainder when z is divided by 4.
0
Let o(p) = p**2 + 19. Let z be o(0). Let v = -1 + z. Calculate the remainder when 71 is divided by v.
17
Suppose -2*g - 2*j = -0 + 18, 3*g - 3*j = -39. Let r = g + 47. Suppose 0 = 3*l - 30 - 27. Calculate the remainder when r is divided by l.
17
Let w(s) = 4*s - 3. What is the remainder when w(4) is divided by (-4 + (2 - -3))/(-1) - -8?
6
Suppose 4*m + 8 = 2*y - 20, -5*y = -5*m - 45. Suppose 5*h = -6*p + 2*p + 73, 38 = y*p - 2*h. What is the remainder when (9/2)/((-2)/(-20)) is divided by p?
9
Let m = 13 + 55. What is the remainder when m is divided by 23?
22
Suppose 0 = 4*j - 0*j - 72. Let s = j + -3. Suppose -s = -2*i + 9. What is the remainder when 34 is divided by i?
10
Let x(k) = 25*k. Let i(j) = -j + 8. Let g(u) = 3*u + 9. Let c be g(-6). Calculate the remainder when x(2) is divided by i(c).
16
Suppose 6*y - y - 65 = 0. Let c = y - -6. What is the remainder when c is divided by -33*(16/6 - 3)?
8
Let o(r) = -r**3 - 4*r**2 + 2*r + 6. Calculate the remainder when o(-6) is divided by 3/2*136/12.
15
Calculate the remainder when (-1)/2*598/(-23) is divided by 7.
6
Let h = 58 + -23. What is the remainder when h is divided by 19?
16
Let v = 9 - 1. Calculate the remainder when 31 is divided by v.
7
Suppose -2*v + 5*u = -52, 2*v - u = -2*v + 68. Let i = 72 + -134. Let f = 108 + i. What is the remainder when f is divided by v?
14
Suppose 3*m = -5*k - 3, 6*m - m - 4*k + 5 = 0. Let i(b) = -7*b + 2. Calculate the remainder when i(m) is divided by 5.
4
Let g(r) = r**2 + 3*r + 32. What is the remainder when g(-7) is divided by 21?
18
Let w be 11/6 + (-1)/(-6). Suppose -23 = -3*p + r, r + w*r = -p - 